alculate the remainder when o is divided by 13.
10
Let l(s) = 140*s**2 + 25 + 9*s**3 - 8*s**3 - 107*s**2 + 61*s. What is the remainder when l(-31) is divided by 9?
2
Suppose 477*r - 185 = 472*r. Calculate the remainder when 258 is divided by r.
36
Let d(m) = 2*m - 5. Let c(g) = g**3 - 11*g**2 - 10*g + 10. Let f be c(12). Let q = f - 10. What is the remainder when q is divided by d(9)?
11
Let r(o) = -o**3 + 26*o**2 + 9*o - 508. What is the remainder when r(24) is divided by 284?
8
Suppose 2*j - 496 - 1050 = 0. Calculate the remainder when j is divided by ((-6)/(-12))/(((-33)/(-186))/11).
29
Suppose -8*x - 7*x = -60. Suppose -x*a = 4*a - 216. Calculate the remainder when 52 is divided by a.
25
Let w(z) = z**3 - 8*z**2 + 5*z - 22. Let h be w(10). Let l = h - 223. What is the remainder when 92 is divided by l?
2
Let k(y) = 2*y**3 + 67*y**2 - 43*y - 80. Calculate the remainder when 927 is divided by k(-34).
23
Suppose y - 52 = 4*p, 522*p - 524*p = -y + 48. Calculate the remainder when 1538 is divided by y.
42
Let w = 6591 + -6569. Calculate the remainder when 1971 is divided by w.
13
Suppose -2*i + 62 = 3*b, -5*i + 133 + 32 = 5*b. What is the remainder when 6 + 6 + 0/(-5) + 93 is divided by i?
31
Let r(l) = 2*l**3 + 28*l**2 - 36*l + 11. What is the remainder when 237 is divided by r(-15)?
35
Suppose -11*i + 3 = -41. Suppose x - 6 = -2. Suppose 0 = -x*u - 7 + 43. What is the remainder when u is divided by i?
1
Suppose -4*b + 692 = 2*v + 224, 8 = 2*v. Suppose -4*d + 5 + b = 0. Suppose -29 - d = -z. What is the remainder when z is divided by 15?
14
Let u = 181 + 214. Let a = u + -345. What is the remainder when 147 is divided by a?
47
Suppose 0*x + 24*x = -504. Calculate the remainder when 2/8 - (-526)/8 is divided by 7 + x/(-11 - -4).
6
Let j(o) = 6 - 7 - 4*o + 3*o. Let d be j(3). Calculate the remainder when 71 is divided by 1/d + 98/8.
11
Let g = 23 - 14. Let o(a) = -8*a - 13. Let m(q) = 12*q + 11. Let b(u) = 5*m(u) + 6*o(u). What is the remainder when b(g) is divided by 29?
27
Suppose 33310 = 5*n - 5*s, 3*s - 24208 = -5*n + 9110. What is the remainder when n is divided by 49?
48
Let s(u) = u**3 + 11*u**2 - 7*u - 7. What is the remainder when s(-8) is divided by 226?
15
Suppose 20*o = 23*o - 18, -3*p + 354 = -2*o. Calculate the remainder when 171 is divided by p.
49
Let y = -90 + 179. What is the remainder when y is divided by (-36)/(-6) + 5 + -4 + -1?
5
Let i(l) = -l**2 - 14*l - 96. Let z be i(-14). Let q be (-50 + (3 - 0))/1. Let c = q - z. Calculate the remainder when c is divided by 14.
7
Suppose 5*n - c - 24 - 18 = 0, -5*c - 42 = -4*n. What is the remainder when 354 is divided by n?
2
Let q = 22 - -76. Let b = 36078 - 36052. What is the remainder when q is divided by b?
20
Let k(l) = -2*l + 920. What is the remainder when k(9) is divided by 27?
11
Let k = -15019 - -15589. What is the remainder when 1718 is divided by k?
8
Let t(c) = -236*c + 2. Suppose -14 = 4*f - s + 8, -4*f - 4*s = 12. Let k be t(f). Calculate the remainder when 1/(-4) + 7 + k/24 is divided by 24.
8
What is the remainder when (-23061)/(-9) - ((-88)/3)/11 is divided by 17?
15
Suppose 3*j - 870 = -z - 26, 3*z - 558 = -2*j. Let h = 162 - j. Let t = 228 + h. What is the remainder when t is divided by 37?
34
Let r(u) = u**3 + 23*u**2 + 30*u + 207. What is the remainder when (-107 - -2)*(-1 - 0) is divided by r(-22)?
12
What is the remainder when 3*(-17)/((-289)/7259) is divided by 30?
21
Let y = -100 - -106. Calculate the remainder when (y + -29)*-4 - -2 is divided by 25.
19
Let i be ((-44)/3)/(((-63)/27)/7). Let w = i + -11. Calculate the remainder when 131 is divided by w.
32
Let k(p) = -p + 1. Let f(o) = -61*o + 99. Let d(s) = f(s) + 3*k(s). Calculate the remainder when d(-4) is divided by 20.
18
Let l(x) = 1040*x - 123750. Let d = 49 - 30. What is the remainder when d is divided by l(119)?
9
Let h = -7702 + 9545. What is the remainder when h is divided by 21?
16
Calculate the remainder when 91 is divided by 27 + (4/1)/(8/4).
4
Suppose 3*g - 3*v - 159 = 0, 52*g = 53*g + v - 63. Calculate the remainder when 687 is divided by g.
49
Let i = 185 + -177. Suppose -2*s = i*s - 290. What is the remainder when 66 is divided by s?
8
Suppose 60 = 5*u - 20. Suppose -4*h + 16 = -u. Suppose 35 - 10 = 5*a. Calculate the remainder when h is divided by a.
3
Let w be 10/5 + -1 + 7. Let y = -401 - -414. Suppose -w*o = -y*o + 105. What is the remainder when 37 is divided by o?
16
Let x(w) = -213*w - 1254. Calculate the remainder when x(-6) is divided by 13.
11
Let m(w) = -2*w**2 + 24*w + 18. Let k be m(8). Suppose 0 = 14*d - k - 58. Calculate the remainder when 36 is divided by d.
6
Let o = 27249 - 23831. What is the remainder when o is divided by 163?
158
Let x be 27630/(-70) - (-8)/(-28). What is the remainder when (x + 9)/(10/(-5)) is divided by 39?
37
Suppose -2*c = -2*z - 5*c - 6, c + 2 = -3*z. Suppose z = b - 24*b + 5451. Calculate the remainder when b is divided by 61.
54
Let m(t) = 2*t**3 + 43*t**2 - 16*t + 15. Let p be m(-21). Suppose 13*l + 5*l = p. What is the remainder when 351 is divided by l?
43
Suppose 3*n = -11 + 110. Let k = -33 + n. Suppose -4*s + 160 + k = 0. What is the remainder when 77 is divided by s?
37
Let t = 11591 + -11465. Calculate the remainder when 779 is divided by t.
23
Let r = -230 + 396. Let i = -6031 - -6056. Calculate the remainder when r is divided by i.
16
Let x(q) = 4*q**2 - 2*q + 4. What is the remainder when ((-21484)/(-492))/((-1)/(-3)) is divided by x(3)?
29
Let l be (1956/(-18) - -6)/(2/(-6)). Let i = l + -86. Calculate the remainder when i is divided by 58.
48
Let b(k) = -18*k - 8. Let d = -64 + 109. Calculate the remainder when d is divided by b(-1).
5
Let v = -108 + 122. Suppose 5*f - 57 = v*k - 15*k, 2*f - 90 = -2*k. Calculate the remainder when 52 is divided by k.
10
Let j(l) = 709*l - 17. Let a be j(3). Suppose 37*x = 27*x + a. Calculate the remainder when x is divided by 53.
52
Suppose -3*v = -v - 16. Calculate the remainder when v is divided by (-560)/(-80) - (2 - 0 - (-7 + 4)).
0
Let g(x) = 2*x - 3. Let n(h) = 32*h - 415. Calculate the remainder when n(14) is divided by g(4).
3
Let m(y) = -1008*y - 7482. Calculate the remainder when m(-8) is divided by 114.
12
Let t(q) = q**3 + q**2 - 11*q - 19. Let j be t(-5). Let c = j - -81. Let h(l) = l**3 + l**2 - 4*l + 4. Calculate the remainder when h(3) is divided by c.
11
Suppose -u = 4*c - 8*c - 47, 2*c - 4*u + 6 = 0. Let w(m) = 5*m + 82. Calculate the remainder when (4 + -5)*(3/3 + -39) is divided by w(c).
4
Let j = 13458 - 13334. Calculate the remainder when j is divided by 120.
4
Suppose 4214 = 157*o - 164*o. Let v = -595 - o. Calculate the remainder when 110 is divided by v.
5
Suppose 8 = 5*w + 3*z, 5*w + 5*z = -0*w. Suppose -2*s - 2*s - 308 = -w*r, -s = -2*r + 159. Calculate the remainder when r is divided by 22.
16
Let y(f) be the first derivative of -f**2/2 + 15*f + 2. Let z = 28 + -25. What is the remainder when 47 is divided by y(z)?
11
Let r = -3 + 8. Suppose -p = u - 2 - 3, 4*u - r = -p. Suppose -4*i + 20 = 4*n, -p*i - 3*n + 25 = -2*n. What is the remainder when 14 is divided by i?
4
Let l(c) be the third derivative of 83*c**5/30 - c**4/8 + c**3/3 - 2*c**2 + 2. Calculate the remainder when l(1) is divided by 34.
29
Let l = 145 - 143. Suppose f - 34 = -l*q, 0 = -2*q - 9*f + 14*f + 58. Let g = 23 + 109. What is the remainder when g is divided by q?
18
Let v be (1 - 0)*(-3812)/(12/(-3)). Suppose -451 - v = -18*g. What is the remainder when g is divided by 10?
8
Let l(j) = -j**2 - 13*j + 319. Calculate the remainder when 88 is divided by l(-25).
12
Calculate the remainder when 292 is divided by 1596/14 + (-2)/2*(-1 - 1).
60
Let k = 242 + -179. Suppose -24*c - k = -5247. Calculate the remainder when c is divided by 44.
40
Let n(b) = 11*b**3 + b**2 + 11*b + 16. Let o be n(-2). Calculate the remainder when 18/o - (3213/(-15) - 1) is divided by 37.
30
Let h = 6733 + -6513. Calculate the remainder when 1111 is divided by h.
11
Let a(q) = 148*q + 2729. What is the remainder when 727 is divided by a(-16)?
5
Let i = 5 + 1. Suppose 208 = -2*o + i*o. Suppose 3*t - 2*t - 54 = 3*n, -t + 2*n = -o. What is the remainder when t is divided by 10?
8
Let v(j) = 15*j**2 + 28*j - 416. Let w(g) = -4*g + 3. Ca